a(r) = 11*r - 2. Let b(x) = -176*x + 33. Let o(s) = -33*a(s) - 2*b(s). Let i be o(-2). What is the greatest common divisor of 176 and i?
22
Suppose -20*l + 27 = -13. Suppose -l*v - 10 = -2, 4*y - 32 = -v. Calculate the highest common factor of 216 and y.
9
Suppose 2*t + c - 182 = 0, 5*c - 154 = -2*t + 36. What is the highest common factor of 40 and t?
10
Let b be (-1 - -4)/(1 + 4 + -6). Let p be b/(-2)*(-2 + (-112)/(-12)). Calculate the highest common factor of 1 and p.
1
Suppose -132 = 15*q - 18*q. Let w(m) = m**3 - m**2 - 2*m + 66. Let r be w(0). What is the greatest common factor of r and q?
22
Let n(j) = j**2 - 7*j + 72. Let i be n(6). Calculate the greatest common divisor of i and 176.
22
Let d = -116 - -138. What is the highest common divisor of 99 and d?
11
Suppose 10*a + 2643 = 14*a + 5*d, -4*d + 12 = 0. What is the greatest common divisor of 73 and a?
73
Let l be (-24)/((-6)/(-56)*-1). Suppose -343*s = -1365 - 1036. What is the greatest common divisor of s and l?
7
Suppose -2*j - 28*t = -23*t - 248, -593 = -5*j + t. Calculate the greatest common factor of 14 and j.
7
Suppose -5*s + 540 = -s. Let l(x) be the first derivative of -3*x**2 - 36*x - 19. Let q be l(-15). Calculate the highest common divisor of s and q.
27
Suppose 2*s - s + 4*z + 18 = 0, 44 = -5*s + 3*z. Let h = -10 - s. Suppose 2*u - 6*u + 132 = h. Calculate the greatest common factor of 11 and u.
11
Let q be (22 - 1) + (-2)/(-1) + 2. Calculate the greatest common divisor of q and 75.
25
Suppose -27*u - 17*u + 2904 = 0. Calculate the highest common factor of u and 1881.
33
Let y be -1 + 2 - (-17 + 14). Suppose -3*l - g + 222 = l, -5*g = y*l - 230. Calculate the highest common divisor of l and 22.
11
Let d(u) = -u**2 - 16*u - 19. Let c be d(-17). Let s be (c/2)/((-12)/(-30)). Let q be (-18)/s + 26/10. What is the highest common divisor of q and 1?
1
Let k be -4*(-3 - 52/(-16))*-3. Suppose z = 3*o + 113, 0 = -3*z + k*o + 280 + 29. Let f = 34 + -20. What is the highest common factor of z and f?
14
Let o(y) = -y + 4. Let t be o(7). Let i be (3/(-6))/(t/6). What is the highest common divisor of 11 and i?
1
Let x = 564 - 480. Calculate the highest common factor of x and 98.
14
Let m = 315 - 265. Calculate the greatest common divisor of 4 and m.
2
Suppose 10*t = 9*t + 10. What is the highest common divisor of 190 and t?
10
Let h = -4 - -9. Suppose 3*t + 85 = 5*c, 0 = -h*c + 4*t + 67 + 13. Suppose 3*v = -5 + 29. Calculate the greatest common divisor of c and v.
4
Let n = 175 + -42. Suppose 2*u = n - 7. Suppose -w + 4 = -3. What is the highest common factor of w and u?
7
Let a be (-2 + 4)*(-3)/(-6) + 4. Let t(j) = 3*j + 5. Let g be t(a). What is the greatest common divisor of 140 and g?
20
Let h(p) = -p + 7. Let q be h(10). Let c = 23 + q. Suppose 0 = 3*a + b - 32, a + 6*b - 20 = b. What is the greatest common factor of c and a?
10
Suppose 4*u + 4*i = -220, -u + 2*u - 2*i = -46. Let n = u + 74. Calculate the highest common divisor of n and 77.
11
Let b be (-6)/(24/(-140)) + (-5 - -8). Calculate the greatest common factor of 133 and b.
19
Suppose -47 = -22*u + 85. What is the highest common factor of u and 318?
6
Let x(d) = 10*d**2 - 48*d - 1. Let q be x(7). What is the highest common divisor of 18 and q?
9
Suppose -2*z - 5*m = -49, -5*z = 5*m - 12 - 118. What is the greatest common divisor of z and 999?
27
Let u be (15/(-6)*4)/(-2). Let f(t) = -t**2 + 5*t + 9. Let r be f(u). Suppose 0 = 5*g - r - 11. What is the highest common factor of 28 and g?
4
Let v(z) = z**2 - 7*z - 18. Let r be v(-6). Suppose o - 4*n = 36, -2*o + r = -2*n - 2*n. What is the highest common divisor of 8 and o?
8
Let c be (5 - 3) + -9 - -62. Suppose -i + 3*y = -4*i + 63, 0 = -i - 2*y + 20. Calculate the greatest common divisor of c and i.
11
Suppose 0 = -h - 3, 4*w + 1 - 44 = 5*h. Suppose -10 = w*b - 990. Suppose -2*p + 51 = 3*i + 7, 67 = 5*i - 3*p. What is the highest common factor of b and i?
14
Let v = 334 - 280. What is the greatest common divisor of 126 and v?
18
Let m be 4/(-14) - (-240)/7. Let r(z) = 6*z**2 + 118*z + 832. Let v be r(-8). Calculate the greatest common factor of v and m.
34
Let i(a) = 4*a**3 + 5*a**2 - 15*a - 4. Let j be i(3). Calculate the greatest common factor of j and 8.
8
Suppose 3*m - 11 = 310. Suppose 295 = 2*a - 5*g, a - g - m = 48. Calculate the greatest common factor of a and 20.
20
Suppose 0 = 6*b + 21*b - 297. Calculate the highest common divisor of 143 and b.
11
Suppose 3*n - 2 = n. Let i be 105/(-2)*-2*n. Let j = -91 + 106. What is the highest common factor of i and j?
15
Suppose -31*g = -2*g - 7018. What is the highest common factor of g and 44?
22
Let w be 15/(-6)*78/(-15). Suppose 19 = w*y - 12*y. What is the highest common factor of y and 19?
19
Let i(s) = -46*s - 782. Let g be i(-20). Calculate the greatest common factor of g and 1426.
46
Let j be -3 + 0 + (-1)/((-4)/32). Let n = j + 20. Calculate the highest common factor of n and 200.
25
Let t(l) = -l**2 - 3*l + 5. Let z be t(-4). Let f be -2*((-3)/z - -1). Suppose -f*j + 74 + 70 = 0. Calculate the highest common divisor of j and 4.
4
Suppose 0 = -0*q - 3*q - 84. Let x(h) = h**2 - 13*h + 33. Let m be x(12). Let l be (-2 + q)/((-7)/m). Calculate the highest common divisor of 18 and l.
18
Let v = 4 + 0. Suppose -8 = 5*a + 5*y - 38, 4*y - 16 = -2*a. Suppose a*i + 0*i = d, 3*d - 32 = -4*i. Calculate the greatest common divisor of d and v.
4
Let b(f) = -15*f + 2. Let o be b(-2). Let m(z) = -5*z - 381. Let x be m(-77). What is the highest common divisor of x and o?
4
Let z(k) = -k - 12. Let x be z(-14). Suppose x*c - 22 = -2. What is the greatest common divisor of 15 and c?
5
Let g = -23 + 27. Suppose g*v - 6 = 14. Calculate the greatest common factor of v and 40.
5
Let f = -32 + 224. What is the highest common divisor of 12 and f?
12
Suppose 4*t - 1886 = -5*m, -83*m + 10 = -78*m. Calculate the greatest common divisor of 67 and t.
67
Let f(l) = 27*l - 3. Let b be f(-1). Let z = b - -44. Calculate the highest common divisor of 14 and z.
14
Suppose -i + 15 = 4*i. Let g = i + -5. Let a be g/(-6) + (-62)/(-3). Calculate the greatest common divisor of a and 21.
21
Let o be 0/(-3) + (-3 - 4). Let m = o + 11. Let h = 51 - 31. Calculate the greatest common divisor of m and h.
4
Let u(h) = h**3 + 18*h**2 + 16*h - 14. Let k be u(-17). Let x(q) = q**3 - q**2 + 4*q - 6. Let g be x(2). Calculate the highest common factor of g and k.
3
Suppose 4*y = -5*j + 2*y + 25, 4*j = 3*y + 43. Let f(n) = -n + 10. Let l be f(j). Suppose 2*r = -l + 17. What is the highest common factor of r and 14?
7
Suppose -226 + 262 = 4*b. Calculate the greatest common factor of 72 and b.
9
Let k(x) be the third derivative of -x**5/60 - 5*x**4/12 + x**2. Suppose 10*i - 3*i + 63 = 0. Let h be k(i). Calculate the highest common factor of h and 45.
9
Let v(m) = -m + 13. Let c be v(8). Suppose 3*n - c*n = 0. Suppose -2*l + 5*l - 18 = n. What is the greatest common divisor of l and 12?
6
Suppose -110*k = -79*k - 1736. Let p = 7 + 1. Calculate the greatest common factor of p and k.
8
Let f = 589 - 564. What is the highest common factor of 1 and f?
1
Suppose 7*z + 3688 = 9274. Calculate the greatest common divisor of 7 and z.
7
Suppose 712 = 3*l + 4*w, 4*w = -2*l - w + 484. Calculate the highest common factor of l and 261.
29
Let u = -22 - -25. Suppose -2*p = u*y - 117 - 52, -78 = -y - 5*p. Let g = y - 35. What is the greatest common factor of g and 144?
18
Let p(t) = 4*t**2 - 3*t - 2. Let a be p(-2). Suppose 13 = 4*r + 1. Let g be 6*(44/r - -2). Calculate the highest common factor of g and a.
20
Let c = 71 - 66. Suppose 93 = c*b - 2*b. Calculate the highest common divisor of b and 217.
31
Let o(j) be the second derivative of -j**5/20 + j**4/6 + j**3/6 - 11*j. Let r be o(-2). Calculate the greatest common divisor of r and 21.
7
Suppose -22 - 26 = -4*b. What is the greatest common divisor of 32 and b?
4
Let l(i) = 2*i**2 + i - 7. Let n be l(3). Let s = -14 - -26. Let k be 4*(-2 + 129/s). Calculate the highest common divisor of n and k.
7
Suppose -119 = -17*z + 51. Let m = -34 - -70. Suppose 366 - m = 3*s. Calculate the greatest common divisor of s and z.
10
Let z be (-18)/(-63) + 1884/21 + 1. Suppose 4*v - 50 = 2. What is the greatest common divisor of z and v?
13
Suppos